2 - p + 47. Let b(j) = -10*m(j) + 9*x(j). Determine b(-14).
0
Let i(v) = v**3 + 5*v**2 - 6*v - 4. Let j(o) = -86*o + 5068. Let z be j(59). Give i(z).
-4
Let m be ((-198)/44)/(81/36). Let b(f) = 12*f**2 + 6*f + 2. Calculate b(m).
38
Let o(s) be the third derivative of 17*s**2 + 1/60*s**5 + 0*s**4 + 0 - 2*s + 1/6*s**3. What is o(4)?
17
Let f(d) be the first derivative of 9*d + 3/2*d**2 - 20. Calculate f(-8).
-15
Suppose -3*q + q - 28 = -2*b, 0 = 3*b + 5*q - 18. Let z(o) = 0*o + 20 + 0*o - b - 18 + 2*o. Determine z(5).
1
Let o = 14767 - 14764. Let i(k) = -10*k**2 + 3*k - 3. Determine i(o).
-84
Let j(x) be the first derivative of -44 + 1/2*x**2 + 0*x. Calculate j(1).
1
Let i(q) be the third derivative of q**5/60 - q**4/3 + q**3/6 + 2*q**2. Let w(y) = 3*y. Let p be w(9). Let s = 33 - p. Give i(s).
-11
Let r(g) = -g + 3*g - 4 + 3*g. Let j be (60/(-9))/((-84)/63) + -2. Determine r(j).
11
Suppose 150 = -4*l - k + 148, -2*l - 22 = 4*k. Let g(p) = -4 - 6*p + 26*p + 3. What is g(l)?
19
Let m(q) = 4*q + 0*q**2 + 5*q**2 + 7 - 2*q - 3 - 15*q**3. Let n(t) = -16*t**3 + 6*t**2 + 2*t + 5. Let o(r) = 6*m(r) - 5*n(r). Give o(1).
-9
Let s(d) be the third derivative of d**5/20 + d**4/12 + d**3/3 - d**2 + 48*d. Let x be s(0). Let p(j) = -j**2 + 4*j - 3. Give p(x).
1
Suppose 5*v - 5*h - 82 - 83 = 0, 4*h = 2*v - 74. Suppose -v*c = -33*c + 8. Let m(j) = 5*j**2 - j. Give m(c).
18
Let r(z) = z**3 - 4*z**2 + 3*z + 2. Let t(l) = l**2 - 7*l + 9. Suppose -169 + 175 = h. Let m be t(h). What is r(m)?
2
Let j(f) = f**2 + 69*f + 391. Let q be j(-63). Let c(z) = 2*z - 1. Calculate c(q).
25
Let v(q) = 4*q - 23. Let g be v(6). Let m(h) = 12*h + 0 - 9*h - g. Let s be (-121)/(-17) - (-4)/(-34). Determine m(s).
20
Let l(j) be the third derivative of j**5/60 + 9*j**4/8 + 40*j**3/3 + j**2 + j - 2393. Give l(-6).
-46
Let w be (-82)/(-7) - (-2)/7. Let a be 2 + 1 + (-36)/w. Let z(v) = -v - 4 + 3 - 5 + 16 - v**2 - 4. Calculate z(a).
6
Let h(x) = x + 12. Suppose -u + 335 = -29*o + 27*o, -4*u + 1352 = -5*o. Let f = u - 347. Give h(f).
8
Suppose 0 = -3*l - 5*v - 23, 3*l - 3*v = -683 + 668. Let c(u) = -u**3 - 6*u**2 - 5*u + 7. Determine c(l).
37
Let q(b) be the second derivative of -3*b**3/2 + 111*b**2/2 - 3786*b. Determine q(14).
-15
Let t = 13182 + -13180. Let q(j) = -2*j**2 - 5*j + 2. Give q(t).
-16
Let o(p) = p**2 + 11*p - 16. Let f(q) = 3*q**2 + 34*q - 50. Let c(g) = 6*f(g) - 17*o(g). What is c(-18)?
-10
Let t(m) = -3*m**2 + 307541*m**3 - 2 - 1 + 3 - 307542*m**3. Give t(-3).
0
Let b(n) = -19 - 18 + 94 - 22 - n - 33. What is b(6)?
-4
Let m be -1 - -1*19/(-1). Let f(d) = d**3 + 34*d**2 + 33*d - 18. Let z be f(-33). Let x = z - m. Let o(b) = b**2 - 2*b + 3. Give o(x).
3
Let z(l) = -33*l**3 - 4*l**2 - 7*l + 6. Let b(j) = -50*j**3 - 6*j**2 - 11*j + 10. Let v(r) = 5*b(r) - 7*z(r). Determine v(1).
-19
Let y(s) be the second derivative of 2*s**3 - 2*s**2 - 12*s - 15. Give y(-1).
-16
Let a(b) = b**2 - 4*b + 2. Suppose 4*d = -22 - 2. Let p be (-2)/d*26 - 10/15. Suppose -p = -4*w - 0. Determine a(w).
-2
Let z(f) = -25 - 28*f**3 - 28*f + 13*f**3 + 12*f**2 + 14 + 16*f**3. Determine z(-14).
-11
Let r(x) = -8*x**3 - 15*x**2 - x - 3. Let p be r(-2). Let k(l) be the first derivative of 0*l - 25 + 1/2*l**2 + l**p. Give k(-3).
24
Suppose -s - 6*s = -35. Let r be s - ((6 - 1) + -30). Suppose 2*y + 5*p = -35, 0*y = 4*y + 2*p + r. Let i(l) = l**2 + 7*l + 6. Give i(y).
-4
Let a(q) be the third derivative of -q**4/24 - q**3/6 + q**2. Let d be 3*(-7 - 2110/(-30)). Suppose -d*n + 180*n = 70. Calculate a(n).
6
Let p(j) be the second derivative of -j**5/20 + 7*j**4/12 - j**2/2 + 827*j. Calculate p(4).
47
Let h(d) = d + 1. Let k(l) = -l**3 + 9*l**2 - 2*l - 5. Let w be k(8). Suppose 9*z = 2*z - 266. Let a = w + z. Calculate h(a).
6
Suppose -22*t + 40 = 18. Let r = 33 - 23. Let f(v) = -4 - 3*v + 8 - 3 - r*v. Calculate f(t).
-12
Let l be 1*((-6 + 0)/1 + 1). Let m(k) = 2*k**2 + 9*k - 6. Let i be m(l). Let v(d) = 2*d + 3 - d - 2. What is v(i)?
0
Suppose -12*n = -16*n - 376. Let q = 108 + n. Suppose q*b + 2 = 13*b. Let a(x) = -x**3 - 3*x - 3. What is a(b)?
11
Let y(r) = r + 2. Suppose t + 0*d = -3*d + 13, 15 = 5*t + 5*d. Let w be -4 + (-35)/(-7) - (t + -1). Determine y(w).
6
Let c(w) = 6*w + 76. Suppose 0 = 3*b + 4*d + 48, -3*b - 3*d - 69 = 2*b. Let x be c(b). Let y(z) = -z**3 + 2*z**2 + 4*z + 4. What is y(x)?
-12
Let v(s) = s**3 + 5*s**2 - 6*s - 10. Let k be v(-7). Suppose -128 = 5*w + 3*a, -2*a - 3*a = 5. Let l be k*(-2)/10 - (-5)/w. Let f(g) = g - 19. What is f(l)?
-6
Let j(l) be the second derivative of l**3/6 - 14*l**2 - 4*l - 69. Calculate j(30).
2
Let h = 13 - 9. Let s(y) = -10091 + y**2 - 11147 - 3*y + 21234. Determine s(h).
0
Let b(d) be the third derivative of -d**5/60 + d**4/3 - 25*d**3/6 + 2026*d**2. Calculate b(5).
-10
Let p(d) = -d**2 + 6*d + 62. Suppose r = -j - 13, -5*r - 63*j + 60*j - 55 = 0. What is p(r)?
-50
Suppose k + 10*o = 11*o - 3, -2*o + 12 = -4*k. Let a(f) = -14*f - 4. Calculate a(k).
38
Let d = 5 - 2. Suppose 0*n = d*n + 18. Let c(q) be the first derivative of -3*q**2/2 - 7*q + 1750. What is c(n)?
11
Let q(r) = -28*r + 33. Let f(s) = 75*s - 99. Let t(n) = -3*f(n) - 8*q(n). What is t(10)?
23
Let x(y) = -y**3 + 11*y**2 - 9*y + 11. Let s(a) = -4*a**3 + 34*a**2 - 27*a + 34. Let i(v) = 2*s(v) - 7*x(v). Calculate i(-10).
1
Suppose 3*v = -5*n + 47 - 8, -5*n - 17 = -4*v. Let c(y) be the second derivative of -y**4/12 + 4*y**3/3 - y**2 + 40*y. Calculate c(v).
-2
Suppose 42 = -9*f + 78. Let w(v) = -f + 8*v - 2*v - 13*v + 2*v**2 - 6. Determine w(6).
20
Let i be (3 + 0)*7/3. Let t(s) be the first derivative of s**4/4 - 2*s**3 - 5*s**2/2 - 3*s - 5103. What is t(i)?
11
Let y be (265 + -5)/10 + -12. Suppose 3*l + 36 = 147. Let f(n) = -7*n - l + 23 + y. What is f(1)?
-7
Let x(y) = y + 9. Let i = -84 - -88. Let l be i/38 + -1 + 540/(-76). Determine x(l).
1
Let h = 290137/12 - 24178. Let z(i) be the second derivative of -39*i - 1/6*i**3 + 0 - h*i**4 - 1/2*i**2. Give z(-2).
-3
Let t(b) = 4*b**3 - b**2 + 2*b + 1. Suppose 0 = -59*d + 55*d + 152. Suppose d*f + 12 = 32*f. Determine t(f).
-39
Let o(w) be the third derivative of -w**6/120 + w**5/20 - 5*w**4/24 + 2*w**3/3 + 2*w**2 + 697*w. Calculate o(3).
-11
Let p(h) = 2*h**2 + 385*h + 1158. Let b be p(-3). Let d(s) = s**3 - 20*s**2 - 20*s + 41. Determine d(b).
62
Let q(n) = 1. Let p(m) = m + 2. Let g(j) = p(j) + 6*q(j). Let b = 93 - 72. Suppose 0 = -t + b*t + 160. Calculate g(t).
0
Suppose -z + 20 = 4*b, -4*b = -3*z - 7*b + 15. Suppose 2*d = -z*d - 4*y + 12, 0 = 3*d - y - 32. Let p(k) = k - 11. What is p(d)?
-1
Let v be (-46)/10 - 6/15. Let o(m) = -70*m + 9. Let p(n) be the first derivative of 19*n**2 - 5*n + 1. Let w(b) = 6*o(b) + 11*p(b). Determine w(v).
9
Let v(k) = -5*k - 69. Let f be v(-20). Let l(n) = 2 + 16*n - f*n + 14*n - 3. Let q be 5*(-2 - (-3 + 0)). Determine l(q).
-6
Let u(r) be the first derivative of -6*r**2 + 1/3*r**3 - 271 + 28*r. Determine u(9).
1
Let y(u) = u**2 - 42*u + 118. Let s be y(43). Let a = -155 + s. Let l(m) = -2*m**2 + 10*m - 8. Give l(a).
-20
Let o(h) = 7*h**3 - 6*h - 29. Let y(q) = -4*q**3 + 3*q + 18. Let x(z) = 3*o(z) + 5*y(z). What is x(-3)?
-15
Let a = -220 - -217. Let g be (1/a)/((-8)/(-24)). Let k(s) = -s**2 - s. Let c(f) = -6*f + 1. Let v(t) = -c(t) + 6*k(t). Give v(g).
-7
Let u be ((-15)/10)/(3/(-8)). Let z(r) = -25*r + 87. Let q be z(u). Let p(m) = m**2 + 12*m - 15. What is p(q)?
-2
Let k(n) = 23 - 794*n - 27 - 802*n + 1598*n. Determine k(9).
14
Let h(g) = -39*g + 7*g + 22*g + 35*g - 32 - 2*g**2. Give h(11).
1
Let m(b) be the first derivative of -2*b**2 - 9*b - 3. Suppose -7*h + 3*h = -h. Suppose h = -3*j + j - 12. Give m(j).
15
Let r(q) = 4*q**2 - 15*q - 2. Let f(b) = -12*b**2 + 7*b + 1 - 12*b**2 + 34*b**2 - 12*b**2. Let n(p) = 9*f(p) + 4*r(p). Give n(-2).
-13
Let r be (6/(-8))/(4/(-234128)). Let h(z) = z - r - 13*z**2 - z**3 + 43899. Determine h(-13).
-13
Let g(i) be the first derivative of i**6/120 + i**5/40 - i**4/12 + 28*i**3 + 128. Let k(x) be the third derivative of g(x). Calculate k(-3).
16
Let k(v) = -11*v**2 - 4*v + 3. Let t be 1 + 3 + 414/(-138). Determine k(t).
-12
Suppose 5 = 5*m, 1258 - 5388 = -3*z + 4*m. Let v = z + -1375. Let w(r) = 3*r - r**2 + 4 + 3 - 3. Determine w(v).
4
Let p = 17 - 2. Let u(z) = 20*z - 28*z